{"id":9,"date":"2024-05-04T10:55:53","date_gmt":"2024-05-04T10:55:53","guid":{"rendered":"https:\/\/pruebas.dedondevengo.com\/?post_type=lsvr_family_member&#038;p=9"},"modified":"2026-08-07T13:51:14","modified_gmt":"2026-08-07T11:51:14","slug":"elias-martinez-garcia","status":"publish","type":"lsvr_family_member","link":"https:\/\/pruebas.dedondevengo.com\/index.php\/family-members\/elias-martinez-garcia\/","title":{"rendered":"El\u00edas Mart\u00ednez Garc\u00eda"},"content":{"rendered":"\n<p class=\"wp-block-paragraph\">Trabaj\u00f3 como agente de polic\u00eda en Barcelona durante la Segunda Rep\u00fablica espa\u00f1ola. Fue Jefe de la Brigada Antifascista. Adem\u00e1s era mas\u00f3n y estaba inscrito en la Logia Vida Nueva de Barcelona. Nombre simb\u00f3lico \u00abEl\u00edas\u00bb. Se tuvo que exiliar a Francia en 1939. Residi\u00f3 en Pornic (1939). Existe un sumario del Tribunal Especial para la Represi\u00f3n de la Masoner\u00eda y el Comunismo. No pudieron juzgarlo, nunca lo encontraron. El 12 de noviembre de 1944 fue uno de los fundadores de la Logia Ambrosio Ristori 682 a l\u00b4Orient de Bordeaux. A fecha de hoy no tengo m\u00e1s informaci\u00f3n del periodo 1944-1976. Muere en una residencia de ancianos de Mussidan en 1976. Existe documentaci\u00f3n en la Taminent Library de Nueva York referente a la ayuda proporcionada por Nancy McDonald a exiliados espa\u00f1oles de la Guerra Civil en Francia a trav\u00e9s de su Fundaci\u00f3n Spanish Refugee Aid, \u00e9l figura en un expediente de 1966-1976 en el cual se conservan las cartas que se intercambi\u00f3 la Fundaci\u00f3n con el Hospicio de Mussidan donde estaba ingresado y con las personas que le apadrinaron por encontrarse practicamente en la indigencia. Parece ser que antes de Mussidan, viv\u00eda en Saint Gery. Est\u00e1 enterrado en el cementerio de Mussidan. En la partida de nacimiento de su hijo Francisco Mart\u00ednez Baeza pone en nota marginal que reconoci\u00f3 a su hijo en 1937 por sentencia judicial de 15 de julio.<\/p>\n","protected":false},"excerpt":{"rendered":"<p>Trabaj\u00f3 como agente de polic\u00eda en Barcelona durante la Segunda Rep\u00fablica espa\u00f1ola. Fue Jefe de la Brigada Antifascista. Adem\u00e1s era mas\u00f3n y estaba inscrito en la Logia Vida Nueva de Barcelona. Nombre simb\u00f3lico \u00abEl\u00edas\u00bb. Se tuvo que exiliar a Francia en 1939. Residi\u00f3 en Pornic (1939). Existe un sumario del Tribunal Especial para la Represi\u00f3n [&hellip;]<\/p>\n","protected":false},"featured_media":10,"template":"","meta":{"footnotes":""},"lsvr_family_member_cat":[19,20],"class_list":["post-9","lsvr_family_member","type-lsvr_family_member","status-publish","has-post-thumbnail","hentry","lsvr_family_member_cat-miembros-de-la-familia","lsvr_family_member_cat-miembros-de-la-familia-martinez"],"_links":{"self":[{"href":"https:\/\/pruebas.dedondevengo.com\/index.php\/wp-json\/wp\/v2\/lsvr_family_member\/9","targetHints":{"allow":["GET"]}}],"collection":[{"href":"https:\/\/pruebas.dedondevengo.com\/index.php\/wp-json\/wp\/v2\/lsvr_family_member"}],"about":[{"href":"https:\/\/pruebas.dedondevengo.com\/index.php\/wp-json\/wp\/v2\/types\/lsvr_family_member"}],"version-history":[{"count":4,"href":"https:\/\/pruebas.dedondevengo.com\/index.php\/wp-json\/wp\/v2\/lsvr_family_member\/9\/revisions"}],"predecessor-version":[{"id":857,"href":"https:\/\/pruebas.dedondevengo.com\/index.php\/wp-json\/wp\/v2\/lsvr_family_member\/9\/revisions\/857"}],"wp:featuredmedia":[{"embeddable":true,"href":"https:\/\/pruebas.dedondevengo.com\/index.php\/wp-json\/wp\/v2\/media\/10"}],"wp:attachment":[{"href":"https:\/\/pruebas.dedondevengo.com\/index.php\/wp-json\/wp\/v2\/media?parent=9"}],"wp:term":[{"taxonomy":"lsvr_family_member_cat","embeddable":true,"href":"https:\/\/pruebas.dedondevengo.com\/index.php\/wp-json\/wp\/v2\/lsvr_family_member_cat?post=9"}],"curies":[{"name":"wp","href":"https:\/\/api.w.org\/{rel}","templated":true}]}}

Elías Martínez García

<p class="wp-block-paragraph">Trabajó como agente de policía en Barcelona durante la Segunda República española. Fue Jefe de la Brigada Antifascista. Además era masón y estaba inscrito en la Logia Vida Nueva de Barcelona. Nombre simbólico «Elías». Se tuvo que exiliar a Francia en 1939. Residió en Pornic (1939). Existe un sumario del Tribunal Especial para la Represión de la Masonería y el Comunismo. No pudieron juzgarlo, nunca lo encontraron. El 12 de noviembre de 1944 fue uno de los fundadores de la Logia Ambrosio Ristori 682 a l´Orient de Bordeaux. A fecha de hoy no tengo más información del periodo 1944-1976. Muere en una residencia de ancianos de Mussidan en 1976. Existe documentación en la Taminent Library de Nueva York referente a la ayuda proporcionada por Nancy McDonald a exiliados españoles de la Guerra Civil en Francia a través de su Fundación Spanish Refugee Aid, él figura en un expediente de 1966-1976 en el cual se conservan las cartas que se intercambió la Fundación con el Hospicio de Mussidan donde estaba ingresado y con las personas que le apadrinaron por encontrarse practicamente en la indigencia. Parece ser que antes de Mussidan, vivía en Saint Gery. Está enterrado en el cementerio de Mussidan. En la partida de nacimiento de su hijo Francisco Martínez Baeza pone en nota marginal que reconoció a su hijo en 1937 por sentencia judicial de 15 de julio.</p>

<p>Trabajó como agente de policía en Barcelona durante la Segunda República española. Fue Jefe de la Brigada Antifascista. Además era masón y estaba inscrito en la Logia Vida Nueva de Barcelona. Nombre simbólico «Elías». Se tuvo que exiliar a Francia en 1939. Residió en Pornic (1939). Existe un sumario del Tribunal Especial para la Represión [&hellip;]</p>
